highest common divisor of h and 2?
2
Let i(b) = -b**3 + 7*b**2 + 3*b + 9. Let q be i(7). Let n = -2 + q. Suppose n*o + 85 = 33*o. What is the greatest common divisor of 68 and o?
17
Suppose -r + 848 = 4*s + 150, 4*r - 167 = -s. Suppose 0*t - 2310 = -11*t. What is the greatest common factor of s and t?
35
Let n(a) = 4*a + 9. Suppose -12*m + 8*m - 80 = 0. Let g be ((-15)/m)/(2/48). Let o be n(g). What is the greatest common divisor of 9 and o?
9
Let d(u) be the first derivative of u**2/2 - 65*u - 14. Let b be d(0). Let m = 90 + b. Calculate the greatest common factor of 25 and m.
25
Let m be (-10)/(-6) + 16/48. Suppose 0 = 5*t - 40 - 5. Suppose 2*f = -5*b + t, b = f - 4*b + 3. Calculate the greatest common factor of f and m.
2
Let h = 64 + -56. Let u(f) = 21*f + 17. Let n be u(h). Calculate the highest common divisor of 5 and n.
5
Let u = -17 - -26. Let p be (u/18)/(2/480). Suppose -2*v + 8 = 0, 2*i - 3*v = -i + 33. Calculate the highest common divisor of p and i.
15
Suppose -4*c + 16 = 5*p, -5*c + 22 = 5*p + 2. Let q be (316 + -1)*4/c. Calculate the highest common factor of q and 15.
15
Suppose -3*w + 4*g + 47 = -2*w, 5*w - 3*g = 320. Suppose -o - o - w = 3*v, 62 = -3*v - o. Let c = 25 + v. Calculate the highest common divisor of 4 and c.
2
Let m be (-13)/1 + 53 + -15. Calculate the highest common divisor of m and 55.
5
Let m be (8/20)/(1/55). Suppose -18*w + m*w = 4. Let i = -21 - -32. Calculate the highest common divisor of i and w.
1
Let a = 11364 - 11264. Calculate the greatest common factor of a and 4950.
50
Let l be (((-342)/10)/(-1))/((-9)/(-3630)). What is the greatest common divisor of 114 and l?
114
Suppose -23*s + 25*s - 379 = 3*m, -3*s + m + 551 = 0. What is the highest common divisor of s and 42?
14
Suppose 10*v + 0*v - 410 = 0. Let u = 41 - v. Let p be (1 - u) + 45 + -3. What is the highest common divisor of p and 344?
43
Suppose -r - 11 = 44*o - 46*o, -3*r + 9 = o. Let n be ((-16)/(-10))/((-2)/(-10)). Let s = 11 - n. What is the highest common factor of s and r?
1
Let r = 6001 - 5988. Suppose -8*c + 325 = -7*c. What is the highest common factor of r and c?
13
Suppose -89*n = -35*n - 202122. What is the greatest common factor of 38 and n?
19
Let c = -2779 - -2959. Calculate the highest common factor of 420 and c.
60
Let k be (252 - 0)*(-16)/(-32). Suppose 3*l + 6*l = k. What is the greatest common divisor of 56 and l?
14
Suppose 10*b = -7*b + 8619. Let y = -395 + b. What is the greatest common divisor of y and 48?
16
Let c = 7 - -39. Suppose 191*z - 186*z + 8075 = 0. Let h be (-3)/21 + z/(-35). Calculate the highest common factor of c and h.
46
Suppose -n - 2*p - 56 = -3*n, 2*p + 8 = 0. Let o = 6767 + -6751. What is the greatest common factor of n and o?
8
Let n be -2*(4/2 - (21 + -17)). Suppose -1 = -3*u - n. Let v be 0 + 50 - (u + -1). What is the highest common factor of 520 and v?
52
Suppose -5327 = -9*o - 55*o + 6705. What is the greatest common factor of 18 and o?
2
Let f be ((-280)/20)/((-3)/(-6) - 1). Calculate the greatest common divisor of 2156 and f.
28
Let p be (591/(-42) + 141/(-329))*-26. Calculate the greatest common factor of p and 624.
13
Suppose -5*m + 3*d + 191 = 7, -d = -2. Suppose 182 = 44*g - m. Calculate the highest common factor of g and 265.
5
Let x be ((-60236)/(-1221))/(2/33). What is the highest common factor of x and 74?
74
Let o(k) = -16*k**3 + 3*k**2 + 25*k + 22. Let h be o(-1). Calculate the greatest common factor of 312 and h.
8
Suppose 3*r = -0*y - 2*y + 16, -4*y - 5*r + 34 = 0. Let b(z) = 10 - 29 + 9 - y*z + z**2 + 9. Let d be b(-10). Calculate the greatest common factor of d and 19.
19
Suppose 44*a - 154727 = 62853. What is the greatest common factor of a and 230?
115
Let v be 1386 + -13 - (-4)/((-16)/4). What is the highest common factor of 7 and v?
7
Let z(f) = f**3 - 22*f**2 - 30*f - 122. Let h be z(24). Let q be (15 - 2) + 0 + -3. What is the greatest common factor of h and q?
10
Let j be (6 - (5 - 3)) + -43. Let l be (-1300)/j*(-3)/(-2). Calculate the highest common divisor of 50 and l.
50
Let g = 711 + 545. What is the highest common divisor of g and 1099?
157
Let s be (4 - -37) + (-6)/(-4)*2. Let u = 43 - s. Let a be 5 + -1 + 15 - 1*u. What is the greatest common divisor of a and 80?
20
Let d = 61 - -106. Suppose 9*o - 6*o = 3*c - 513, 0 = c + 3*o - d. Calculate the greatest common divisor of 10 and c.
10
Let s = -703 + 661. Let k = s - -237. Calculate the greatest common divisor of k and 455.
65
Suppose -11 + 7 = -2*b. Let x be (78/4)/(b*(-5)/(-20)). Let p = 73 + x. What is the highest common factor of p and 14?
14
Let f be 18/117 - 1554/(-39). Suppose 44*g = f*g + 960. Calculate the greatest common divisor of 48 and g.
48
Let b be 1000/30 + 4/6. Let a(f) = -f**3 + 11*f**2 + f - 30. Let i be a(11). Let g be (-85)/(-3)*(22 + i). Calculate the highest common factor of g and b.
17
Suppose 28*j + 146 = 26*j. Let k = j - -289. Suppose -4*i - 72 = -7*i. What is the highest common divisor of k and i?
24
Let g = 1 + -3. Let c be (g - (-2 + 2))*-1. Suppose 5*k - 30*k + 500 = 0. What is the highest common divisor of k and c?
2
Let w(g) = g - 3. Let y be w(8). Suppose 60 = 4*h - 2*l, -y*h + 3*h + 34 = -3*l. Suppose 0 = 16*c - 14*c - 70. Calculate the highest common divisor of c and h.
7
Suppose -5*s - 812 - 1103 = 2*i, -2895 = 3*i + 3*s. Let h = 1426 + i. Calculate the greatest common divisor of 57 and h.
57
Let m be (2/(-3))/(53 - (-134186854)/(-2531826)). Calculate the highest common factor of 66 and m.
33
Suppose -4*v = -a - 3 - 2, a + 4*v - 19 = 0. Suppose 0 = 10*n - 247 + a. What is the greatest common factor of n and 104?
8
Let y(w) be the first derivative of 7*w**4/2 + 2*w**3/3 - w**2/2 - 1. Let u = -5953 - -5954. Let l be y(u). What is the highest common divisor of l and 3?
3
Let i = -10622 + 10635. Calculate the highest common divisor of 3627 and i.
13
Suppose g - 2*h + 3 - 2 = 0, g + 3*h = 9. Let a(s) = -s**g + 15*s**2 - 4*s - s - 20 + 7*s. Let m be a(15). Calculate the greatest common divisor of 110 and m.
10
Let c be (-33488)/(-392) - 85 - (0 - (-62136)/(-7)). Calculate the highest common divisor of c and 33.
33
Let q(o) = -o**2 + 28*o + 436. Let h be q(39). Calculate the highest common divisor of 31 and h.
1
Let x(v) = -55*v - 93. Let w be x(-6). Let d = w - 225. Calculate the greatest common divisor of d and 8.
4
Let m(x) = 521*x - 442. Let t be m(2). What is the highest common factor of t and 1350?
150
Suppose -1745*j = -1732*j - 2028. Suppose -x - x + 3*m = -12, 2*m - 68 = -5*x. Suppose 0 = -3*o + 2*o + x. Calculate the greatest common factor of o and j.
12
Let n be 224/84 + (-2)/3. Suppose 2*k + n*k - 88 = 0. Suppose 6*d - 773 = 415. Calculate the greatest common factor of k and d.
22
Let x = 12 + -7. Suppose -25*i + 29*i = 32. Suppose 5*h = i*h - 120. What is the highest common factor of h and x?
5
Let w(g) = g**2 - 5*g + 2. Let s be w(-4). Suppose 0 = -t - 3*u - 8, -4*t - 2*u - 67 = 3*u. Let h = s + t. Calculate the highest common factor of h and 3.
3
Suppose -5*u - 4*r + 1 = -8*u, 4*r + 20 = -4*u. Let l be 4 - (-13)/u - (-55)/3. What is the greatest common divisor of 6 and l?
6
Let m(p) = 10*p - 18. Let l be m(9). Suppose -5*s = -z + 7, z + 2*s = 5*z - 46. Suppose 0 = -4*f + 24 + z. What is the greatest common factor of f and l?
9
Let z(i) = 87*i - 105. Let d = -447 + 451. Let o be z(d). What is the greatest common divisor of o and 54?
27
Suppose 231 = -33*q + 1913 - 98. What is the highest common factor of 276 and q?
12
Suppose 25 = -y + 6*y. Suppose 64 = -y*n + 564. Let x = 22 + -2. What is the highest common factor of x and n?
20
Let f be 124/10 + 2/(-5). Let q = 354866 - 354850. Calculate the greatest common factor of f and q.
4
Let v be -84*(3/(-6))/(-1). Let c = -37 - v. Suppose -14 = -2*l - w, -c*w + 17 = 5*l - 23. What is the highest common divisor of l and 54?
6
Let m be ((-170)/8)/((-150)/720). What is the highest common divisor of m and 4998?
102
Let w be (66/30)/(16/120)*238. What is the greatest common divisor of 11 and w?
11
Let l be (-4)/3*((-28497)/(-14))/(-23). What is the greatest common factor of 1357 and l?
59
Let u be ((-1)/2)/(1/(-6)). Suppose 6 = -u*x - x + 5*b, 0 = -x - 4*b - 12. Let w be 9/(1/3 + x/30). What is the greatest common divisor of 5 and w